{"id":3929,"date":"2021-10-26T11:51:57","date_gmt":"2021-10-26T11:51:57","guid":{"rendered":"https:\/\/chsa.org.pl\/?page_id=3929"},"modified":"2021-10-26T12:13:10","modified_gmt":"2021-10-26T12:13:10","slug":"darek-bigosz","status":"publish","type":"page","link":"https:\/\/chsa.org.pl\/en\/darek-bigosz\/","title":{"rendered":"Darek Bigosz"},"content":{"rendered":"<div data-elementor-type=\"wp-page\" data-elementor-id=\"3929\" class=\"elementor elementor-3929\">\n\t\t\t\t\t\t<section class=\"elementor-section elementor-top-section elementor-element elementor-element-da4c8e1 elementor-section-full_width elementor-section-stretched elementor-section-height-default elementor-section-height-default\" data-id=\"da4c8e1\" data-element_type=\"section\" data-e-type=\"section\" data-settings=\"{&quot;stretch_section&quot;:&quot;section-stretched&quot;}\">\n\t\t\t\t\t\t<div class=\"elementor-container elementor-column-gap-default\">\n\t\t\t\t\t<div class=\"elementor-column elementor-col-100 elementor-top-column elementor-element elementor-element-b3441d7\" data-id=\"b3441d7\" data-element_type=\"column\" data-e-type=\"column\">\n\t\t\t<div class=\"elementor-widget-wrap elementor-element-populated\">\n\t\t\t\t\t\t<div class=\"elementor-element elementor-element-b15e104 elementor-widget elementor-widget-image\" data-id=\"b15e104\" data-element_type=\"widget\" data-e-type=\"widget\" data-widget_type=\"image.default\">\n\t\t\t\t<div class=\"elementor-widget-container\">\n\t\t\t\t\t\t\t\t\t\t\t\t\t\t\t<img fetchpriority=\"high\" decoding=\"async\" width=\"1200\" height=\"347\" src=\"https:\/\/chsa.org.pl\/wp-content\/uploads\/2021\/10\/DBigosz-1.png\" class=\"attachment-large size-large wp-image-3943\" alt=\"\" srcset=\"https:\/\/chsa.org.pl\/wp-content\/uploads\/2021\/10\/DBigosz-1.png 1900w, https:\/\/chsa.org.pl\/wp-content\/uploads\/2021\/10\/DBigosz-1-300x87.png 300w, https:\/\/chsa.org.pl\/wp-content\/uploads\/2021\/10\/DBigosz-1-768x222.png 768w, https:\/\/chsa.org.pl\/wp-content\/uploads\/2021\/10\/DBigosz-1-1536x445.png 1536w, https:\/\/chsa.org.pl\/wp-content\/uploads\/2021\/10\/DBigosz-1-18x5.png 18w, https:\/\/chsa.org.pl\/wp-content\/uploads\/2021\/10\/DBigosz-1-260x75.png 260w, https:\/\/chsa.org.pl\/wp-content\/uploads\/2021\/10\/DBigosz-1-50x14.png 50w, https:\/\/chsa.org.pl\/wp-content\/uploads\/2021\/10\/DBigosz-1-150x43.png 150w\" sizes=\"(max-width: 1200px) 100vw, 1200px\" \/>\t\t\t\t\t\t\t\t\t\t\t\t\t\t\t<\/div>\n\t\t\t\t<\/div>\n\t\t\t\t\t<\/div>\n\t\t<\/div>\n\t\t\t\t\t<\/div>\n\t\t<\/section>\n\t\t\t\t<section class=\"elementor-section elementor-top-section elementor-element elementor-element-b0326a8 elementor-section-boxed elementor-section-height-default elementor-section-height-default\" data-id=\"b0326a8\" data-element_type=\"section\" data-e-type=\"section\">\n\t\t\t\t\t\t<div class=\"elementor-container elementor-column-gap-default\">\n\t\t\t\t\t<div class=\"elementor-column elementor-col-50 elementor-top-column elementor-element elementor-element-7935604\" data-id=\"7935604\" data-element_type=\"column\" data-e-type=\"column\">\n\t\t\t<div class=\"elementor-widget-wrap elementor-element-populated\">\n\t\t\t\t\t\t<div class=\"elementor-element elementor-element-ef36f87 elementor-widget elementor-widget-text-editor\" data-id=\"ef36f87\" data-element_type=\"widget\" data-e-type=\"widget\" data-widget_type=\"text-editor.default\">\n\t\t\t\t<div class=\"elementor-widget-container\">\n\t\t\t\t\t\t\t\t\t<div class=\"o9v6fnle cxmmr5t8 oygrvhab hcukyx3x c1et5uql ii04i59q\"><div dir=\"auto\">Z g\u0142\u0119bokim smutkiem i \u017calem zawiadamiamy, \u017ce 21.10.2021 roku zmar\u0142 Darek Bigosz. Jako wolontariusz, w zespole s\u0142u\u017c\u0105cym uczniom szk\u00f3\u0142 \u015brednich, wsp\u00f3\u0142pracowa\u0142 z Chrze\u015bcija\u0144skim Stowarzyszeniem Akademickim od 1997 roku a w latach 2011 \u2013 2020 pe\u0142ni\u0142 funkcj\u0119 Dyrektora. By\u0142 te\u017c wieloletnim prezesem Stowarzyszenia \u201eGospel\u201d oraz aktywnie anga\u017cowa\u0142 si\u0119 w \u017cycie wsp\u00f3lnoty Ko\u015bcio\u0142a \u201eChrystus Kr\u00f3lem\u201d w Krakowie.<\/div><\/div><div class=\"o9v6fnle cxmmr5t8 oygrvhab hcukyx3x c1et5uql ii04i59q\"><div dir=\"auto\">R\u0119ce Darka by\u0142y zawsze wyci\u0105gni\u0119te w stron\u0119 drugiego cz\u0142owieka, w gotowo\u015bci do pomocy. S\u0142ucha\u0142 uwa\u017cnie, by\u0142 \u017cyczliwy &#8211; co sprawia\u0142o, \u017ce wielu nie ba\u0142o si\u0119 prosi\u0107 go o pomoc i do\u015bwiadcza\u0142o jego wsparcia, udzielanego hojnie i z rado\u015bci\u0105. Cechowa\u0142a go pogoda ducha. By\u0142 cz\u0142owiekiem pe\u0142nym nadziei i zach\u0119ty, dodaj\u0105cym otuchy ludziom woko\u0142o.<\/div><\/div><div class=\"o9v6fnle cxmmr5t8 oygrvhab hcukyx3x c1et5uql ii04i59q\"><div dir=\"auto\">Jeste\u015bmy wdzi\u0119czni za dar \u017cycia Darka i za to jak s\u0142u\u017cy\u0142 Bogu i ludziom tym, kim by\u0142.<\/div><\/div><div class=\"o9v6fnle cxmmr5t8 oygrvhab hcukyx3x c1et5uql ii04i59q\"><div dir=\"auto\">Modlimy si\u0119 za jego \u017con\u0119 i dwie c\u00f3rki, prosz\u0105c Boga o pocieszenie i pok\u00f3j, kt\u00f3ry przewy\u017csza nasze ludzkie zrozumienie.<\/div><div dir=\"auto\">~<\/div><div dir=\"auto\">Pogrzeb odb\u0119dzie si\u0119 w dniu 05.11.2021 o godz. 13:40 na Cmentarzu Pr\u0105dnik Czerwony w Krakowie.<\/div><\/div><div class=\"o9v6fnle cxmmr5t8 oygrvhab hcukyx3x c1et5uql ii04i59q\"><div dir=\"auto\">Po\u017cegnanie odb\u0119dzie si\u0119 w dniu 05.11.2021 o godz. 16:00 w ARTzona &#8211; os. G\u00f3rali 4 w Krakowie.<\/div><div dir=\"auto\">Rodzina prosi o nieprzynoszenie kwiat\u00f3w.<\/div><div dir=\"auto\">~<\/div><div dir=\"auto\">Wszystkich, kt\u00f3rzy chcieliby wesprze\u0107 rodzin\u0119 Darka, prosimy o wp\u0142aty na nr konta ko\u015bcio\u0142a:<\/div><\/div><div class=\"o9v6fnle cxmmr5t8 oygrvhab hcukyx3x c1et5uql ii04i59q\"><div dir=\"auto\">Ko\u015bci\u00f3\u0142 Chrystus Kr\u00f3lem w Krakowie<\/div><div dir=\"auto\">ING PL 56 1050 1445 1000 0090 6907 9706<\/div><div dir=\"auto\">Koniecznie z dopiskiem &#8222;Darek&#8221;.<\/div><\/div>\t\t\t\t\t\t\t\t<\/div>\n\t\t\t\t<\/div>\n\t\t\t\t\t<\/div>\n\t\t<\/div>\n\t\t\t\t<div class=\"elementor-column elementor-col-50 elementor-top-column elementor-element elementor-element-8545201\" data-id=\"8545201\" data-element_type=\"column\" data-e-type=\"column\">\n\t\t\t<div class=\"elementor-widget-wrap elementor-element-populated\">\n\t\t\t\t\t\t<div class=\"elementor-element elementor-element-60ad59c elementor-widget elementor-widget-text-editor\" data-id=\"60ad59c\" data-element_type=\"widget\" data-e-type=\"widget\" data-widget_type=\"text-editor.default\">\n\t\t\t\t<div class=\"elementor-widget-container\">\n\t\t\t\t\t\t\t\t\t<div class=\"o9v6fnle cxmmr5t8 oygrvhab hcukyx3x c1et5uql ii04i59q\"><div dir=\"auto\">It is with deep sadness that we announce the passing of Darek Bigosz who died on October 21st, 2021. We remember Darek&#8217;s work with ChSA (The Christian Academic Association in Poland) first as a volunteer with the high school ministry team and later as the General Secretary of the Association from 2011-2020. He also served as the president of the &#8222;Gospel Association&#8221; for many years and was actively involved in the life of his local church &#8222;Christ the King&#8221; in Krak\u00f3w.<\/div><\/div><div class=\"o9v6fnle cxmmr5t8 oygrvhab hcukyx3x c1et5uql ii04i59q\"><div dir=\"auto\">Darek&#8217;s hands were stretched out towards others and he was always ready to help. He listened attentively and was kind \u2013 which meant people were not afraid to ask him for help and many experienced his generous and joyful support. He was a serene man full of hope and encouragement, always comforting and supporting those around him.<\/div><\/div><div class=\"o9v6fnle cxmmr5t8 oygrvhab hcukyx3x c1et5uql ii04i59q\"><div dir=\"auto\">We are grateful for the gift of Darek&#8217;s life, how he served God and people and for who he was.<\/div><\/div><div class=\"o9v6fnle cxmmr5t8 oygrvhab hcukyx3x c1et5uql ii04i59q\"><div dir=\"auto\">We pray for his wife and two daughters, asking God for consolation and peace that surpasses all understanding.<\/div><\/div><div class=\"o9v6fnle cxmmr5t8 oygrvhab hcukyx3x c1et5uql ii04i59q\"><div dir=\"auto\">~<\/div><\/div><div class=\"o9v6fnle cxmmr5t8 oygrvhab hcukyx3x c1et5uql ii04i59q\"><div dir=\"auto\">The funeral will take place on November 5th, 2021 at 13:40\/1:40pm at the Pr\u0105dnik Czerwony Cemetery in Krak\u00f3w.<\/div><\/div><div class=\"o9v6fnle cxmmr5t8 oygrvhab hcukyx3x c1et5uql ii04i59q\"><div dir=\"auto\">The memorial service will take place on November 5th, 2021 at 16:00\/4:00pm at ARTzona &#8211; os. G\u00f3rali 4 in Krak\u00f3w.<\/div><\/div><div class=\"o9v6fnle cxmmr5t8 oygrvhab hcukyx3x c1et5uql ii04i59q\"><div dir=\"auto\">The family has requested not to bring flowers.<\/div><\/div><div class=\"o9v6fnle cxmmr5t8 oygrvhab hcukyx3x c1et5uql ii04i59q\"><div dir=\"auto\">~<\/div><\/div><div class=\"o9v6fnle cxmmr5t8 oygrvhab hcukyx3x c1et5uql ii04i59q\"><div dir=\"auto\">For those who would like to support Darek&#8217;s family you may do so by making a donation to the church&#8217;s account number below:<\/div><\/div><div class=\"o9v6fnle cxmmr5t8 oygrvhab hcukyx3x c1et5uql ii04i59q\"><div dir=\"auto\">Ko\u015bci\u00f3\u0142 Chrystus Kr\u00f3lem w Krakowie<\/div><div dir=\"auto\">ING PL 56 1050 1445 1000 0090 6907 9706<\/div><div dir=\"auto\">Please include &#8222;Darek&#8221; in the transfer title.<\/div><\/div>\t\t\t\t\t\t\t\t<\/div>\n\t\t\t\t<\/div>\n\t\t\t\t\t<\/div>\n\t\t<\/div>\n\t\t\t\t\t<\/div>\n\t\t<\/section>\n\t\t\t\t<\/div>","protected":false},"excerpt":{"rendered":"<p>Z g\u0142\u0119bokim smutkiem i \u017calem zawiadamiamy, \u017ce 21.10.2021 roku zmar\u0142 Darek Bigosz. Jako wolontariusz, w zespole s\u0142u\u017c\u0105cym uczniom szk\u00f3\u0142 \u015brednich, wsp\u00f3\u0142pracowa\u0142 z Chrze\u015bcija\u0144skim Stowarzyszeniem Akademickim od [&hellip;]<\/p>\n","protected":false},"author":7,"featured_media":0,"parent":0,"menu_order":0,"comment_status":"closed","ping_status":"closed","template":"","meta":{"footnotes":""},"class_list":["post-3929","page","type-page","status-publish","hentry"],"aioseo_notices":[],"_links":{"self":[{"href":"https:\/\/chsa.org.pl\/en\/wp-json\/wp\/v2\/pages\/3929","targetHints":{"allow":["GET"]}}],"collection":[{"href":"https:\/\/chsa.org.pl\/en\/wp-json\/wp\/v2\/pages"}],"about":[{"href":"https:\/\/chsa.org.pl\/en\/wp-json\/wp\/v2\/types\/page"}],"author":[{"embeddable":true,"href":"https:\/\/chsa.org.pl\/en\/wp-json\/wp\/v2\/users\/7"}],"replies":[{"embeddable":true,"href":"https:\/\/chsa.org.pl\/en\/wp-json\/wp\/v2\/comments?post=3929"}],"version-history":[{"count":14,"href":"https:\/\/chsa.org.pl\/en\/wp-json\/wp\/v2\/pages\/3929\/revisions"}],"predecessor-version":[{"id":3946,"href":"https:\/\/chsa.org.pl\/en\/wp-json\/wp\/v2\/pages\/3929\/revisions\/3946"}],"wp:attachment":[{"href":"https:\/\/chsa.org.pl\/en\/wp-json\/wp\/v2\/media?parent=3929"}],"curies":[{"name":"wp","href":"https:\/\/api.w.org\/{rel}","templated":true}]}}

<div data-elementor-type="wp-page" data-elementor-id="3929" class="elementor elementor-3929">
						<section class="elementor-section elementor-top-section elementor-element elementor-element-da4c8e1 elementor-section-full_width elementor-section-stretched elementor-section-height-default elementor-section-height-default" data-id="da4c8e1" data-element_type="section" data-e-type="section" data-settings="{&quot;stretch_section&quot;:&quot;section-stretched&quot;}">
						<div class="elementor-container elementor-column-gap-default">
					<div class="elementor-column elementor-col-100 elementor-top-column elementor-element elementor-element-b3441d7" data-id="b3441d7" data-element_type="column" data-e-type="column">
			<div class="elementor-widget-wrap elementor-element-populated">
						<div class="elementor-element elementor-element-b15e104 elementor-widget elementor-widget-image" data-id="b15e104" data-element_type="widget" data-e-type="widget" data-widget_type="image.default">
				<div class="elementor-widget-container">
															<img fetchpriority="high" decoding="async" width="1200" height="347" src="https://chsa.org.pl/wp-content/uploads/2021/10/DBigosz-1.png" class="attachment-large size-large wp-image-3943" alt="" srcset="https://chsa.org.pl/wp-content/uploads/2021/10/DBigosz-1.png 1900w, https://chsa.org.pl/wp-content/uploads/2021/10/DBigosz-1-300x87.png 300w, https://chsa.org.pl/wp-content/uploads/2021/10/DBigosz-1-768x222.png 768w, https://chsa.org.pl/wp-content/uploads/2021/10/DBigosz-1-1536x445.png 1536w, https://chsa.org.pl/wp-content/uploads/2021/10/DBigosz-1-18x5.png 18w, https://chsa.org.pl/wp-content/uploads/2021/10/DBigosz-1-260x75.png 260w, https://chsa.org.pl/wp-content/uploads/2021/10/DBigosz-1-50x14.png 50w, https://chsa.org.pl/wp-content/uploads/2021/10/DBigosz-1-150x43.png 150w" sizes="(max-width: 1200px) 100vw, 1200px" />															</div>
				</div>
					</div>
		</div>
					</div>
		</section>
				<section class="elementor-section elementor-top-section elementor-element elementor-element-b0326a8 elementor-section-boxed elementor-section-height-default elementor-section-height-default" data-id="b0326a8" data-element_type="section" data-e-type="section">
						<div class="elementor-container elementor-column-gap-default">
					<div class="elementor-column elementor-col-50 elementor-top-column elementor-element elementor-element-7935604" data-id="7935604" data-element_type="column" data-e-type="column">
			<div class="elementor-widget-wrap elementor-element-populated">
						<div class="elementor-element elementor-element-ef36f87 elementor-widget elementor-widget-text-editor" data-id="ef36f87" data-element_type="widget" data-e-type="widget" data-widget_type="text-editor.default">
				<div class="elementor-widget-container">
									<div class="o9v6fnle cxmmr5t8 oygrvhab hcukyx3x c1et5uql ii04i59q"><div dir="auto">Z głębokim smutkiem i żalem zawiadamiamy, że 21.10.2021 roku zmarł Darek Bigosz. Jako wolontariusz, w zespole służącym uczniom szkół średnich, współpracował z Chrześcijańskim Stowarzyszeniem Akademickim od 1997 roku a w latach 2011 – 2020 pełnił funkcję Dyrektora. Był też wieloletnim prezesem Stowarzyszenia „Gospel” oraz aktywnie angażował się w życie wspólnoty Kościoła „Chrystus Królem” w Krakowie.</div></div><div class="o9v6fnle cxmmr5t8 oygrvhab hcukyx3x c1et5uql ii04i59q"><div dir="auto">Ręce Darka były zawsze wyciągnięte w stronę drugiego człowieka, w gotowości do pomocy. Słuchał uważnie, był życzliwy &#8211; co sprawiało, że wielu nie bało się prosić go o pomoc i doświadczało jego wsparcia, udzielanego hojnie i z radością. Cechowała go pogoda ducha. Był człowiekiem pełnym nadziei i zachęty, dodającym otuchy ludziom wokoło.</div></div><div class="o9v6fnle cxmmr5t8 oygrvhab hcukyx3x c1et5uql ii04i59q"><div dir="auto">Jesteśmy wdzięczni za dar życia Darka i za to jak służył Bogu i ludziom tym, kim był.</div></div><div class="o9v6fnle cxmmr5t8 oygrvhab hcukyx3x c1et5uql ii04i59q"><div dir="auto">Modlimy się za jego żonę i dwie córki, prosząc Boga o pocieszenie i pokój, który przewyższa nasze ludzkie zrozumienie.</div><div dir="auto">~</div><div dir="auto">Pogrzeb odbędzie się w dniu 05.11.2021 o godz. 13:40 na Cmentarzu Prądnik Czerwony w Krakowie.</div></div><div class="o9v6fnle cxmmr5t8 oygrvhab hcukyx3x c1et5uql ii04i59q"><div dir="auto">Pożegnanie odbędzie się w dniu 05.11.2021 o godz. 16:00 w ARTzona &#8211; os. Górali 4 w Krakowie.</div><div dir="auto">Rodzina prosi o nieprzynoszenie kwiatów.</div><div dir="auto">~</div><div dir="auto">Wszystkich, którzy chcieliby wesprzeć rodzinę Darka, prosimy o wpłaty na nr konta kościoła:</div></div><div class="o9v6fnle cxmmr5t8 oygrvhab hcukyx3x c1et5uql ii04i59q"><div dir="auto">Kościół Chrystus Królem w Krakowie</div><div dir="auto">ING PL 56 1050 1445 1000 0090 6907 9706</div><div dir="auto">Koniecznie z dopiskiem &#8222;Darek&#8221;.</div></div>								</div>
				</div>
					</div>
		</div>
				<div class="elementor-column elementor-col-50 elementor-top-column elementor-element elementor-element-8545201" data-id="8545201" data-element_type="column" data-e-type="column">
			<div class="elementor-widget-wrap elementor-element-populated">
						<div class="elementor-element elementor-element-60ad59c elementor-widget elementor-widget-text-editor" data-id="60ad59c" data-element_type="widget" data-e-type="widget" data-widget_type="text-editor.default">
				<div class="elementor-widget-container">
									<div class="o9v6fnle cxmmr5t8 oygrvhab hcukyx3x c1et5uql ii04i59q"><div dir="auto">It is with deep sadness that we announce the passing of Darek Bigosz who died on October 21st, 2021. We remember Darek&#8217;s work with ChSA (The Christian Academic Association in Poland) first as a volunteer with the high school ministry team and later as the General Secretary of the Association from 2011-2020. He also served as the president of the &#8222;Gospel Association&#8221; for many years and was actively involved in the life of his local church &#8222;Christ the King&#8221; in Kraków.</div></div><div class="o9v6fnle cxmmr5t8 oygrvhab hcukyx3x c1et5uql ii04i59q"><div dir="auto">Darek&#8217;s hands were stretched out towards others and he was always ready to help. He listened attentively and was kind – which meant people were not afraid to ask him for help and many experienced his generous and joyful support. He was a serene man full of hope and encouragement, always comforting and supporting those around him.</div></div><div class="o9v6fnle cxmmr5t8 oygrvhab hcukyx3x c1et5uql ii04i59q"><div dir="auto">We are grateful for the gift of Darek&#8217;s life, how he served God and people and for who he was.</div></div><div class="o9v6fnle cxmmr5t8 oygrvhab hcukyx3x c1et5uql ii04i59q"><div dir="auto">We pray for his wife and two daughters, asking God for consolation and peace that surpasses all understanding.</div></div><div class="o9v6fnle cxmmr5t8 oygrvhab hcukyx3x c1et5uql ii04i59q"><div dir="auto">~</div></div><div class="o9v6fnle cxmmr5t8 oygrvhab hcukyx3x c1et5uql ii04i59q"><div dir="auto">The funeral will take place on November 5th, 2021 at 13:40/1:40pm at the Prądnik Czerwony Cemetery in Kraków.</div></div><div class="o9v6fnle cxmmr5t8 oygrvhab hcukyx3x c1et5uql ii04i59q"><div dir="auto">The memorial service will take place on November 5th, 2021 at 16:00/4:00pm at ARTzona &#8211; os. Górali 4 in Kraków.</div></div><div class="o9v6fnle cxmmr5t8 oygrvhab hcukyx3x c1et5uql ii04i59q"><div dir="auto">The family has requested not to bring flowers.</div></div><div class="o9v6fnle cxmmr5t8 oygrvhab hcukyx3x c1et5uql ii04i59q"><div dir="auto">~</div></div><div class="o9v6fnle cxmmr5t8 oygrvhab hcukyx3x c1et5uql ii04i59q"><div dir="auto">For those who would like to support Darek&#8217;s family you may do so by making a donation to the church&#8217;s account number below:</div></div><div class="o9v6fnle cxmmr5t8 oygrvhab hcukyx3x c1et5uql ii04i59q"><div dir="auto">Kościół Chrystus Królem w Krakowie</div><div dir="auto">ING PL 56 1050 1445 1000 0090 6907 9706</div><div dir="auto">Please include &#8222;Darek&#8221; in the transfer title.</div></div>								</div>
				</div>
					</div>
		</div>
					</div>
		</section>
				</div>

<p>Z głębokim smutkiem i żalem zawiadamiamy, że 21.10.2021 roku zmarł Darek Bigosz. Jako wolontariusz, w zespole służącym uczniom szkół średnich, współpracował z Chrześcijańskim Stowarzyszeniem Akademickim od [&hellip;]</p>
